is -76 - 1a5634?
-1a56aa
In base 5, what is -404343 + 3431?
-400412
In base 6, what is -3021454 + -53?
-3021551
In base 16, what is -15d + -207b?
-21d8
In base 12, what is 1a - -23591?
235ab
In base 4, what is 2123012102001 - 0?
2123012102001
In base 16, what is dab6 - -22f?
dce5
In base 14, what is -180 - -1d56b?
1d3cb
In base 3, what is -102112021 + -1222212101?
-2102101122
In base 10, what is 14599 + 123?
14722
In base 7, what is -3 - -4520103?
4520100
In base 2, what is -11011010101 - 10100101110111100?
-10101001010010001
In base 12, what is 27141b24 - -5?
27141b29
In base 6, what is -213325 - -55413?
-113512
In base 15, what is d - -48e64e?
48e65c
In base 14, what is -1dc5312b + -2?
-1dc5312d
In base 3, what is 1 - -2000222020200?
2000222020201
In base 12, what is 1b9 - 16960?
-16763
In base 8, what is 2 - 47532234?
-47532232
In base 13, what is -2805360 + -2?
-2805362
In base 14, what is 63abdd - -10?
63ac0d
In base 12, what is -7a + -7921?
-799b
In base 8, what is -157137 - -43?
-157074
In base 13, what is 35 - -328ca?
32932
In base 16, what is 22479196 + 3?
22479199
In base 9, what is -5 - -125540167?
125540162
In base 7, what is -21556 - -1343?
-20213
In base 6, what is 12034305202 - 0?
12034305202
In base 14, what is 5cda9 + 38?
5d003
In base 2, what is 101001000100000111101 - -1?
101001000100000111110
In base 8, what is -152 + 61361?
61207
In base 13, what is 31a3b + -290?
3177b
In base 4, what is 132102 - -3100103?
3232211
In base 12, what is -7287 + -6673?
-1193a
In base 13, what is -389c + -34754?
-38323
In base 12, what is -232025 + 33?
-231bb2
In base 10, what is -1 + 59818553?
59818552
In base 9, what is -27605330 - 3?
-27605333
In base 16, what is 1 + -b402e9?
-b402e8
In base 11, what is -2260 - -174556?
1722a6
In base 4, what is 1130030102 - 30?
1130030012
In base 15, what is -43083b - -a?
-430831
In base 15, what is 14b8 - -2b67?
4130
In base 11, what is -1753a94 - -2?
-1753a92
In base 2, what is 11 - 110100000000111101111010?
-110100000000111101110111
In base 10, what is 611207 - 48?
611159
In base 13, what is -2508 + -18ba?
-40c5
In base 3, what is -10 - 201210100221010?
-201210100221020
In base 14, what is 1 + -11da46c?
-11da46b
In base 11, what is -171529 + 30?
-1714a9
In base 2, what is -1101100 - -1011100110001110011111?
1011100110001100110011
In base 3, what is 1010 + -12022212110002?
-12022212101222
In base 7, what is -64 - 244415?
-244512
In base 14, what is a9c9 + b?
a9d6
In base 6, what is -41 - 10244451?
-10244532
In base 9, what is -25160073 + 1?
-25160072
In base 9, what is 4 - -125212702?
125212706
In base 15, what is 0 + 2dbc80?
2dbc80
In base 13, what is -568b4 + 40?
-56874
In base 11, what is 547 + 11158?
116a4
In base 4, what is 11 - 2130031312032?
-2130031312021
In base 5, what is 442 + 423041?
424033
In base 6, what is 21225251 - 3101?
21222150
In base 8, what is 55166131 + 2?
55166133
In base 5, what is -2422412232 + 10?
-2422412222
In base 7, what is 50521226 + 1?
50521230
In base 6, what is -2 + -15015305355?
-15015305401
In base 6, what is 22415231 - 5?
22415222
In base 14, what is 9 - -1d88190?
1d88199
In base 12, what is 5339aa + 174?
533b62
In base 6, what is 1014151 - -543?
1015134
In base 14, what is 120 + 5c110?
5c230
In base 7, what is 54 + -53343416?
-53343332
In base 11, what is 151513 + 7?
15151a
In base 5, what is 2012 - 200404?
-143342
In base 10, what is 749 + 562421?
563170
In base 12, what is 16b8 + -108265?
-106769
In base 6, what is 4443330520 + 11?
4443330531
In base 7, what is -44 - -21604511?
21604434
In base 4, what is 121302 + -220000310?
-213213002
In base 13, what is -45 + 62675?
62630
In base 5, what is -4041003113310 - 3?
-4041003113313
In base 2, what is 1101101011110010101011 - -10?
1101101011110010101101
In base 3, what is 2002020120 - -220?
2002021110
In base 14, what is 65b + 17974a?
179da7
In base 9, what is -57861002 - 7?
-57861010
In base 16, what is 0 + -2e59ee?
-2e59ee
In base 4, what is 100121200001 + 2?
100121200003
In base 7, what is -550043 + 325?
-546415
In base 5, what is 1214212 - 32?
1214130
In base 7, what is -633 - 4460231?
-4461164
In base 13, what is 18 - 1104401?
-11043b6
In base 6, what is -515 + -1105202?
-1110121
In base 3, what is 10201 + 1112110021?
1112120222
In base 16, what is -6fb4 - 1d1a?
-8cce
In base 4, what is 2020112133 + 1213?
2020120012
In base 4, what is 10 - -323011232323?
323011232333
In base 13, what is -b922105 + -2?
-b922107
In base 13, what is -12 + -1494570?
-1494582
In base 8, what is -22602377573 - -3?
-22602377570
In base 11, what is 2832 + -15861?
-1302a
In base 8, what is 0 - 2045260?
-2045260
In base 15, what is a06b56 - -11?
a06b67
In base 8, what is -114030 - -4036?
-107772
In base 12, what is -64 + -2b71b?
-2b783
In base 14, what is -5 - -1aaa61a?
1aaa615
In base 14, what is -17499a - 87?
-174a43
In base 9, what is 0 + 51748823?
51748823
In base 11, what is 0 - 6821667a?
-6821667a
In base 8, what is -5 - -775424477?
775424472
In base 9, what is -3 + 743807?
743804
In base 11, what is 71347 + -a01?
70446
In base 12, what is b6 + -761095?
-760b9b
In base 10, what is 2030 + -80259?
-78229
In base 14, what is -204782 + -1b?
-20479d
In base 5, what is -10 - 1311344114?
-1311344124
In base 14, what is -1 + -42d9618?
-42d9619
In base 9, what is 106660 - 48?
106611
In base 13, what is -1c193 + -210?
-1c3a3
In base 5, what is -3 - -41031332401?
41031332343
In base 10, what is 5 - -709530?
709535
In base 10, what is 50 + -108878?
-108828
In base 10, what is 332 + 10882?
11214
In base 3, what is -2221000001011 - -2020?
-2220222221221
In base 7, what is 11 + -323466?
-323455
In base 8, what is -373635535 + 1?
-373635534
In base 6, what is -5251322 + 2155?
-5245123
In base 9, what is 30581200 - 3?
30581186
In base 11, what is 882004 - -17?
882020
In base 3, what is 110122 - 11110202101211?
-11110201221012
In base 13, what is -2415a + 509?
-23951
In base 16, what is 482 + -1daba?
-1d638
In base 5, what is -32131412134 + -43?
-32131412232
In base 9, what is 66523 + 186?
66720
In base 12, what is 531 + -60b06?
-60595
In base 12, what is 0 + -2775992?
-2775992
In base 2, what is 10001000 + 1000100101110111?
1000100111111111
In base 9, what is -41423 - -58?
-41354
In base 14, what is -745b75 - -3b?
-745b38
In base 3, what is 12002222210 - 1?
12002222202
In base 11, what is 452176 + 27?
4521a2
In base 9, what is -11001 - 20657?
-31658
In base 8, what is -137 - -22177?
22040
In base 3, what is 1111202000001 + 212110?
1111202212111
In base 8, what is 634 - 1713772?
-1713136
In base 7, what is 23526 - 204?
23322
In base 7, what is -3363446 - -10115?
-3353331
In base 3, what is -1011020 - -11022100?
10011010
In base 4, what is -12223 - -10013?
-2210
In base 5, what is -4311 - 1310313?
-1320124
In base 13, what is 5 - -469429c?
46942a4
In base 7, what is -333 - 225163?
-225526
In base 9, what is -75577252 - -5?
-75577246
In base 4, what is -322111 - -3232211?
2310100
In base 11, what is 12411 - 14930?
-251a
In base 5, what is -21 + -31302000?
-31302021
In base 16, what is f7 + -1dff9?
-1df02
In base 7, what is 26434 - -3364?
33131
In base 13, what is -5 - 4194028?
-4194030
In base 12, what is -50b - -1286b?
12360
In base 15, what is 4521 - -a80?
50a1
In base 14, what is 558b538 - -3?
558b53b
In base 3, what is -120011 - 1221120211?
-1222010222
In base 3, what is -1 + 10201020001102?
10201020001101
In base 11, what is 1088889 - -23?
1088901
In base 12, what is -b - -4a5277?
4a5268
In base 13, what is 51a26 - c5?
51931
In base 13, what is a78158 - 7?
a78151
In base 13, what is 4 - -216b1941?
216b1945
In base 2, what is -10110111011111110010101001 - -1?
-10110111011111110010101000
In base 11, what is -4305 - -a110?
5906
In base 9, what is -863 + 2077121?
2076147
In base 16, what is -8dd8b3 + 14?
-8dd89f
In base 5, what is -2110 - -103243231?
103241121
In base 15, what is -48190 - -9?
-48186
In base 11, what is -1348a8 + 4946?
-12aa62
In base 8, what is 1 - -102466665?
102466666
In base 13, what is 3 - 48040cc6?
-48040cc3
In base 8, what is 61310 - 650?
60440
In base 3, what is 1201100200212 + 10212?
1201100211201
In base 8, what is -3422 + -242666?
-246310
In base 13, what is 1 - 1b93289?
-1b93288
In base 6, what is 3404 - 1134525?
-1131121